 when 57 is divided by l.
27
Let x = 64 - 60. Calculate the remainder when 17 is divided by x.
1
Suppose 0*c + 15 = -5*c. Let h = 8 - c. Suppose 0 = -3*v + 62 + 34. What is the remainder when v is divided by h?
10
Let z = -48 - -111. Let n(p) = 4*p + 16. Let s be n(-10). Let v = s + 40. What is the remainder when z is divided by v?
15
Let n(d) = 3*d**3 - 2*d**2 + 1. Calculate the remainder when n(2) is divided by (-1 + 4/8)*-12.
5
Let k(w) = -3*w + 1. Let i be k(-4). Let s = 2 + i. Calculate the remainder when 59 is divided by s.
14
Let f = 18 + -14. Suppose 0 = -5*p + f*r - r + 145, -p + 42 = 2*r. Calculate the remainder when p is divided by 17.
15
Suppose u + 6*j + 8 = 2*j, 3*j + 6 = -3*u. Suppose u = 2*g - 9 - 27. What is the remainder when 33 is divided by g?
15
Let u = 1 + 0. Let c = u - -8. Suppose g = 9 + c. Calculate the remainder when 34 is divided by g.
16
Suppose -4*o - 68 = -p - p, o - 159 = -5*p. Calculate the remainder when p is divided by ((-2)/6)/(((-2)/(-66))/(-1)).
10
Let u = 38 - 2. Calculate the remainder when 141 is divided by u.
33
Suppose 5*s + 5*f - 93 = 147, -4*s - f = -207. Calculate the remainder when s is divided by 14.
11
Suppose -4*w + 12 = -24. Calculate the remainder when 14 is divided by w.
5
Calculate the remainder when 1 + (45 - (-3 + 1)) is divided by 17.
14
Suppose 25*z - 18*z = 42. Suppose 2*k + 3 = 5*k. Let i(r) = 10*r + 1. What is the remainder when i(k) is divided by z?
5
Let s = -36 - -26. What is the remainder when (-2 + -3)*104/s is divided by 14?
10
Suppose 2 - 5 = -3*l. Suppose -x = -2 + l. Calculate the remainder when x is divided by 1.
0
Suppose 0 = 3*u - u. Suppose u = -2*k + 3*k - 16. Let p = 15 + -9. What is the remainder when k is divided by p?
4
Suppose -26*w + 24*w = -16. What is the remainder when 10 is divided by w?
2
What is the remainder when 36 is divided by 3/(-2) + 328/16?
17
Suppose -4*h + 5*m + 12 = 0, 4*m + 28 = 5*h + m. Let b(v) = 14*v**2 + v. Calculate the remainder when b(1) is divided by h.
7
Let k = 157 - 98. Calculate the remainder when k is divided by 21.
17
Let d(r) = 7*r - 13. Calculate the remainder when 86 is divided by d(6).
28
Suppose 3*w = -2*c - 8 + 18, 4*c - 4 = 2*w. Suppose 5*v = 20, x + 4*x = w*v + 132. What is the remainder when x is divided by 40/14*(-7)/(-2)?
8
Suppose 0 = -2*v - 3*v + 55. Suppose -4 = -3*h + 8. Calculate the remainder when (-1 + 3)/(h/42) is divided by v.
10
What is the remainder when 5 is divided by (8/(-10))/((-4)/20)?
1
Let b = -27 + -17. Let h = -31 - b. What is the remainder when 31 is divided by h - (3 + 2*-3)?
15
Suppose -2*h + 8 = 2*n, 3*h - 2*n - 32 + 5 = 0. Let k(z) = -z**2. Let c be k(-3). Calculate the remainder when (-57)/(-2)*(-6)/c is divided by h.
5
Suppose -2*h + 6 = 2*b + 2, -5*b + 4*h - 8 = 0. Suppose b*l + 3*l - 48 = 0. What is the remainder when l is divided by 9?
7
Suppose -7 = -t - 4. Suppose -2*b - 3*l + 47 = t, -3*l + 110 = 5*b. Suppose 3*w + w - 256 = 0. Calculate the remainder when w is divided by b.
20
Calculate the remainder when 105 is divided by (4/1)/((-7)/(-63)).
33
Let o(b) = -b**3 - 8*b**2 - 9*b + 8. Calculate the remainder when 218 is divided by o(-7).
20
Suppose -5*h + 35 = -70. Suppose q + 2*l + 1 = 8, 4*q = -5*l + 28. Suppose -p + q = -4. Calculate the remainder when h is divided by p.
10
Suppose -4*k - 2*g = k - 375, -k = 4*g - 57. What is the remainder when k is divided by 13?
12
What is the remainder when ((-26)/6 + 3)*-48 is divided by 22?
20
Let q = 26 + -9. Let r(b) = 2*b**3 - 2*b**2 - b - 1. What is the remainder when r(3) is divided by q?
15
Let u(p) = p**2 + 23*p - 2. Calculate the remainder when u(-24) is divided by 5.
2
Let m(z) = 4*z - 2. Suppose 4*n = 8 + 4. What is the remainder when 38 is divided by m(n)?
8
Suppose -2*p - 4 = -3*p + v, -4*v = p + 6. Suppose -2*t + 60 = p*a, -3*t + t = 3*a - 88. Calculate the remainder when 110 is divided by a.
26
Let s = -26 + 38. What is the remainder when 22 is divided by s?
10
Let q be 18612/81 + 4/18. Suppose -9*a - q = -14*a. Calculate the remainder when a is divided by 12.
10
Let n be 2/(-7) + 12168/56. Suppose 27 - 165 = -2*a + 4*j, 3*a = j + n. Calculate the remainder when a is divided by 19.
16
Suppose 3*q - 24 = -0. What is the remainder when q is divided by 7?
1
Let n(d) = 4*d + 37. Suppose -4*x - 23 + 103 = 0. What is the remainder when n(10) is divided by x?
17
Let x(k) = -6*k + 4. Let b(o) = -2*o + 1. Let n(f) = 16*b(f) - 5*x(f). Calculate the remainder when n(-9) is divided by (1 - -1)/2*5.
4
Calculate the remainder when (-16)/(-4) - -47 - -1 is divided by 11.
8
Suppose -988 = -5*h + 3*v, -2*h + 5*v = -7*h + 1020. Suppose -r + 6*r = h. What is the remainder when r is divided by 14?
12
What is the remainder when 0 + -3 + (-53)/(-2)*2 is divided by 13?
11
Let v(n) = 8*n**2 + 4 - 2*n**2 + 1 - n**3 + n**2. Let d be v(7). Suppose 3*s - 11 = -t, d*s - 6 = -t + 11. What is the remainder when 10 is divided by s?
1
Let g be 24/9*(-6)/(-4). Suppose 125 = g*x + x. Calculate the remainder when x is divided by 14.
11
Let a be 3*-29*1/(-3). Suppose 5*w = j - a, -j - 4 = 3*j. Calculate the remainder when 19 is divided by w/(-27) - 86/(-18).
4
Suppose 0 = 4*t - 3*y - 8, t - 1 + 12 = 4*y. Calculate the remainder when (13 + -1)/((-6)/(-4)) is divided by t.
3
Suppose -7*d + 159 = -65. What is the remainder when d is divided by 7?
4
Suppose 2*f + 2*t - 10 = 0, -t + 0 = 3*f - 15. Let c = -2 + f. Calculate the remainder when c is divided by 2.
1
Let f be -1 + 2 - 16/(-4). Suppose -f*d + 3*d = -76. Calculate the remainder when d is divided by 13.
12
Let f = 2 - -6. Calculate the remainder when f is divided by 2.
0
Suppose 2*q + 10 = 4*q. Suppose 0 = q*x - 48 + 8. Let r = -19 + 48. Calculate the remainder when r is divided by x.
5
Let o = 0 + 2. Suppose 9 = o*b + 3. Let q(m) = m**2 + 4*m + 7. What is the remainder when q(-3) is divided by b?
1
Suppose 4*p = 6*p - 2*z - 120, 0 = -3*p + z + 190. What is the remainder when p is divided by 34?
31
Suppose -5*l = -l - 8. Let k(n) = n - 4. Calculate the remainder when k(6) is divided by l.
0
Suppose 0 = -5*c - 0*c + 370. What is the remainder when c is divided by 19?
17
Let m(i) = i**3 + 10*i**2 + 12*i. What is the remainder when m(-8) is divided by 12?
8
Let q = 24 - 7. Let j = -4 + 6. Let r = j - -31. What is the remainder when r is divided by q?
16
Suppose 3*h + 5*k = -31, 0 = 2*h - 3*k + 2*k + 12. What is the remainder when (-27)/63 - 262/h is divided by 10?
7
Suppose 4*i + 167 = -j, 2*j + 0*j + 6 = 0. Let k = i + 60. Let w(o) = -o. Calculate the remainder when k is divided by w(-7).
5
Suppose c + 9*n - 17 = 4*n, -19 = -2*c + 5*n. Suppose 5*i - 4*i = 21. Suppose 3*j - i = -0*j. Calculate the remainder when c is divided by j.
5
Let n = 113 - 60. What is the remainder when n is divided by 19?
15
Suppose a + 1428 = 13*a. What is the remainder when a is divided by 20?
19
Suppose -200 = -5*r + r. Calculate the remainder when 199 is divided by r.
49
Suppose 3*p - 9 = -4*m, -5*p = 4*m - 5 - 18. Let i be 21/(-6) + 1/(-2). What is the remainder when (-131)/(-7) - i/14 is divided by p?
5
Let p(y) = -y**3 - 4*y**2 + 8*y - 4. Calculate the remainder when 58 is divided by p(-6).
18
Let t(b) = -b**2 - b - 6. Let a be t(0). What is the remainder when 8 is divided by a + 1 + 3 - -5?
2
Suppose -4*g + 18 = 5*b - 3*g, -4*g = b + 4. Suppose -3*a + 69 = 3*d, b*a - 133 = -d - 32. What is the remainder when a is divided by 9?
8
Let g be (-2)/6 + 20/6. Suppose 5*b - 20 = g*b. What is the remainder when 17 is divided by -2*1/2 + b?
8
Let c(h) = h + 0*h - 3 + 3 - 8. Let d be c(8). Suppose -3*q - q + 32 = d. What is the remainder when 15 is divided by q?
7
Let u(w) = 3*w**2 - 4*w - 4. Let c be u(6). Let r = c + -53. Calculate the remainder when r is divided by 10.
7
Calculate the remainder when 34 is divided by 1/(3/(3 - -33)).
10
Suppose 5*y - 15 = 5*d, 0*y = 4*y - d - 9. Suppose -5*t = -y*t + 30. Let n = 16 + t. Calculate the remainder when 16 is divided by n.
4
Let z = 15 - -5. Let t = -14 + z. What is the remainder when t is divided by 4?
2
What is the remainder when 47 is divided by (-50)/20*42/(-15)?
5
Let z = 115 + -108. What is the remainder when 13 is divided by z?
6
Let i = -58 + 66. What is the remainder when 55 is divided by i?